git of 185375016?
1
What is the tens digit of 482601446?
4
What is the hundred thousands digit of 239869174?
8
What is the units digit of 107140712?
2
What is the units digit of 297745414?
4
What is the ten millions digit of 85322398?
8
What is the hundreds digit of 1075442105?
1
What is the hundred thousands digit of 828144864?
1
What is the millions digit of 603605953?
3
What is the ten millions digit of 763640030?
6
What is the hundred thousands digit of 168851434?
8
What is the units digit of 102400323?
3
What is the tens digit of 309846691?
9
What is the hundreds digit of 65469079?
0
What is the hundreds digit of 2293100391?
3
What is the hundreds digit of 116001856?
8
What is the units digit of 2671305449?
9
What is the tens digit of 46756394?
9
What is the units digit of 3153372745?
5
What is the thousands digit of 832485086?
5
What is the thousands digit of 4244393718?
3
What is the thousands digit of 1992483269?
3
What is the tens digit of 33545219?
1
What is the ten millions digit of 120404376?
2
What is the ten thousands digit of 9306441556?
4
What is the hundreds digit of 799924849?
8
What is the hundred thousands digit of 26987508?
9
What is the hundreds digit of 1179003313?
3
What is the ten millions digit of 24588335?
2
What is the tens digit of 230066041?
4
What is the hundred millions digit of 683940277?
6
What is the thousands digit of 104670757?
0
What is the millions digit of 129203636?
9
What is the thousands digit of 318087470?
7
What is the ten thousands digit of 1439465374?
6
What is the hundred thousands digit of 2713537911?
5
What is the hundreds digit of 3529349544?
5
What is the units digit of 29601175?
5
What is the ten thousands digit of 38252718?
5
What is the ten millions digit of 7178590724?
7
What is the millions digit of 175635225?
5
What is the units digit of 35479710?
0
What is the ten millions digit of 25631416?
2
What is the hundred thousands digit of 56732436?
7
What is the millions digit of 31940009?
1
What is the units digit of 338543541?
1
What is the millions digit of 1730447732?
0
What is the hundreds digit of 298291026?
0
What is the hundred thousands digit of 292465923?
4
What is the millions digit of 411737060?
1
What is the tens digit of 295421918?
1
What is the units digit of 293869845?
5
What is the ten millions digit of 72761292?
7
What is the ten millions digit of 1019801996?
1
What is the ten thousands digit of 294389765?
8
What is the thousands digit of 1879179446?
9
What is the tens digit of 110034163?
6
What is the units digit of 41633633?
3
What is the hundred millions digit of 720903707?
7
What is the hundreds digit of 1540059958?
9
What is the ten thousands digit of 44268972?
6
What is the hundred thousands digit of 3101414384?
4
What is the millions digit of 752693456?
2
What is the millions digit of 174829357?
4
What is the millions digit of 7787998493?
7
What is the thousands digit of 4734171331?
1
What is the ten millions digit of 38881913?
3
What is the ten millions digit of 367019569?
6
What is the ten millions digit of 55507828?
5
What is the ten thousands digit of 5611094932?
9
What is the hundred millions digit of 488238914?
4
What is the hundred millions digit of 129587712?
1
What is the millions digit of 1552340327?
2
What is the hundreds digit of 26896040?
0
What is the hundreds digit of 762796617?
6
What is the ten thousands digit of 70945753?
4
What is the thousands digit of 47733608?
3
What is the thousands digit of 8376628?
6
What is the tens digit of 826611948?
4
What is the hundreds digit of 459152451?
4
What is the ten millions digit of 1166543468?
6
What is the tens digit of 136919918?
1
What is the ten thousands digit of 109253299?
5
What is the hundreds digit of 478142684?
6
What is the units digit of 125362944?
4
What is the hundreds digit of 538323631?
6
What is the hundred thousands digit of 90005563?
0
What is the units digit of 3379465814?
4
What is the tens digit of 230685329?
2
What is the units digit of 57034820?
0
What is the hundred thousands digit of 16875782?
8
What is the millions digit of 103770812?
3
What is the ten millions digit of 105814753?
0
What is the ten thousands digit of 61186981?
8
What is the hundred millions digit of 148080893?
1
What is the thousands digit of 139378668?
8
What is the tens digit of 5264967851?
5
What is the thousands digit of 821657176?
7
What is the ten millions digit of 2813690514?
1
What is the tens digit of 12986474?
7
What is the thousands digit of 97514791?
4
What is the units digit of 2899590937?
7
What is the thousands digit of 1860506891?
6
What is the hundred thousands digit of 169732682?
7
What is the ten millions digit of 573224783?
7
What is the units digit of 2323967840?
0
What is the thousands digit of 1026668471?
8
What is the ten millions digit of 131973558?
3
What is the hundred millions digit of 1989236287?
9
What is the thousands digit of 552745?
2
What is the units digit of 5636886?
6
What is the millions digit of 4069509295?
9
What is the billions digit of 1724942559?
1
What is the hundreds digit of 39329245?
2
What is the thousands digit of 6977919?
7
What is the thousands digit of 60180135?
0
What is the units digit of 419255039?
9
What is the tens digit of 3172428465?
6
What is the tens digit of 3391760?
6
What is the thousands digit of 21749497?
9
What is the hundreds digit of 33723328?
3
What is the hundred thousands digit of 24519215?
5
What is the ten millions digit of 1617537735?
1
What is the hundred thousands digit of 945643149?
6
What is the ten thousands digit of 1161033603?
3
What is the billions digit of 1455635976?
1
What is the units digit of 300699619?
9
What is the millions digit of 7607377?
7
What is the millions digit of 9542995?
9
What is the hundreds digit of 311989367?
3
What is the units digit of 50497170?
0
What is the millions digit of 74274045?
4
What is the ten millions digit of 11602016?
1
What is the tens digit of 202404150?
5
What is the ten thousands digit of 126463289?
6
What is the tens digit of 5099026118?
1
What is the hundred thousands digit of 166574703?
5
What is the thousands digit of 75000349?
0
What is the ten thousands digit of 51902480?
0
What is the units digit of 53269512?
2
What is the units digit of 411775078?
8
What is the ten thousands digit of 84425951?
2
What is the thousands digit of 492053406?
3
What is the millions digit of 52195248?
2
What is the millions digit of 12692496?
2
What is the units digit of 135101286?
6
What is the ten thousands digit of 63622063?
2
What is the hundreds digit of 1259845377?
3
What is the thousands digit of 1150495076?
5
What is the thousands digit of 133453301?
3
What is the hundred millions digit of 190677911?
1
What is the thousands digit of 40046713?
6
What is the units digit of 45227624?
4
What is the thousands digit of 8988230?
8
What is the millions digit of 142860263?
2
What is the hundred thousands digit of 697593164?
5
What is the hundred thousands digit of 1005624328?
6
What is the hundreds digit of 32637709?
7
What is the millions digit of 68340560?
8
What is the hundred millions digit of 319396292?
3
What is the thousands digit of 65346657?
6
What is the tens digit of 37707126?
2
What is the ten thousands digit of 311179247?
7
What is the ten thousands digit of 687359638?
5
What is the units digit of 778990345?
5
What is the hundred thousands digit of 545267844?
2
What is the millions digit of 1067358081?
7
What is the ten thousands digit of 1399335955?
3
What is the ten millions digit of 21345907?
2
What is the millions digit of 1047244792?
7
What is the hundreds digit of 94613790?
7
What is the hundreds digit of 9042461?
4
What is the units digit of 315304155?
5
What is the millions digit of 379232444?
9
What is the ten millions digit of 71787982?
7
What is the hundreds digit of 2344603698?
6
What is the thousands digit of 2422873630?
3
What is the hundreds digit of 3203781355?
3
What is the hundreds digit of 52660660?
6
What is the ten millions digit of 103490639?
0
What is the ten millions digit of 31557449?
3
What is the millions digit of 49349417?
9
What is the ten millions digit of 128414073?
2
What is the ten thousands digit of 585637698?
3
What is the thousands digit of 12333170?
3
What i